-- Rovana App Backup
-- Generated: 2026-04-18 14:37:31
-- Compatible with MySQL 5.7+ and MariaDB 10.3+
-- ---------------------------------------------------

SET NAMES utf8mb4;
SET FOREIGN_KEY_CHECKS = 0;
SET SQL_MODE = 'NO_AUTO_VALUE_ON_ZERO';

-- ---------------------------------------------------
-- Table: factory
-- ---------------------------------------------------
DROP TABLE IF EXISTS `factory`;
CREATE TABLE `factory` (
  `id` int(11) NOT NULL AUTO_INCREMENT,
  `name` varchar(255) NOT NULL,
  `address` text NOT NULL,
  `latitude` decimal(10,8) NOT NULL,
  `longitude` decimal(11,8) NOT NULL,
  `created_at` timestamp NULL DEFAULT current_timestamp(),
  `updated_at` timestamp NULL DEFAULT current_timestamp() ON UPDATE current_timestamp(),
  PRIMARY KEY (`id`)
) ENGINE=InnoDB DEFAULT CHARSET=utf8mb4 COLLATE=utf8mb4_unicode_ci;

INSERT INTO `factory` (`id`, `name`, `address`, `latitude`, `longitude`, `created_at`, `updated_at`) VALUES
('1', 'المصنع', 'مصنع ايس كريم دومانسي العبد، جمعية احمد عرابى، العبور', '30.21954330', '31.53917090', '2026-01-14 11:37:45', '2026-01-14 11:37:45');

-- ---------------------------------------------------
-- Table: customers
-- ---------------------------------------------------
DROP TABLE IF EXISTS `customers`;
CREATE TABLE `customers` (
  `id` int(11) NOT NULL AUTO_INCREMENT,
  `customer_number` varchar(30) NOT NULL,
  `name` varchar(255) NOT NULL,
  `phone` varchar(255) DEFAULT NULL,
  `address` text NOT NULL,
  `fixed_address` varchar(500) DEFAULT NULL,
  `latitude` decimal(10,8) NOT NULL,
  `longitude` decimal(11,8) NOT NULL,
  `notes` text DEFAULT NULL,
  `created_at` timestamp NULL DEFAULT current_timestamp(),
  `updated_at` timestamp NULL DEFAULT current_timestamp() ON UPDATE current_timestamp(),
  `town` varchar(255) DEFAULT NULL,
  `governorate` varchar(255) DEFAULT NULL,
  PRIMARY KEY (`id`),
  UNIQUE KEY `uk_customer_number` (`customer_number`),
  KEY `idx_location` (`latitude`,`longitude`)
) ENGINE=InnoDB DEFAULT CHARSET=utf8mb4 COLLATE=utf8mb4_unicode_ci;

INSERT INTO `customers` (`id`, `customer_number`, `name`, `phone`, `address`, `fixed_address`, `latitude`, `longitude`, `notes`, `created_at`, `updated_at`, `town`, `governorate`) VALUES
('304', '2925', 'اسامه اشرف  ', '01277075733', '5865+QHR، الخصوص، قسم الخصوص، محافظة القليوبية 6231083، مصر', NULL, '30.16211100', '31.30836500', '', '2026-04-04 15:48:58', '2026-04-04 15:48:58', 'قسم الخصوص', 'القاهرة'),
('305', '5418', 'ايمان محمود', '01004328876', '373W+P57, Al Abageyah, Qesm Than Madinet Nasr, Cairo Governorate 4433013', NULL, '30.05428750', '31.29542190', '', '2026-04-04 15:52:59', '2026-04-04 15:52:59', '', 'القاهرة'),
('319', '1380', 'محل صاحبة السعادة', '01000881858, 01007966774', '28 عبد الرحمن نصر، الزيتون الغربية، قسم الزيتون، محافظة القاهرة‬ 4521014، مصر', NULL, '30.10650600', '31.30679700', '', '2026-04-04 16:09:23', '2026-04-04 16:54:33', 'قسم الزيتون', 'القاهرة'),
('320', '3724', 'سوبر ماركت عمرو العالمي', '01097097541', '10 البيردقدار، الجمالية، قسم الجمالية، محافظة القاهرة‬ 4334101، مصر', NULL, '30.05590100', '31.26429900', '', '2026-04-04 16:22:58', '2026-04-04 16:22:58', 'قسم الجمالية', 'القاهرة'),
('321', '3054', 'عمرو سونستا', '01003712055', '62 أحمد بسيوني، الخاصة، حدائق القبة، محافظة القاهرة‬ 4381610، مصر', NULL, '30.08034900', '31.28024100', '', '2026-04-04 16:42:33', '2026-04-04 16:54:39', 'حدائق القبة', 'القاهرة'),
('322', '5419', 'علي محمد علي ', '01143332322, 01122407744', '25XC+WWJ، فتحي التهامي أبو عامر، المعتمدية، بولاق الدكرور، محافظة الجيزة 3730512، مصر', NULL, '30.04975100', '31.17228900', '', '2026-04-04 16:44:31', '2026-04-04 16:54:58', 'بولاق الدكرور', 'الجيزة'),
('323', '1245', 'علاء الجندي ', '01151477773', '2C2G+WQ4 New Cairo 1', NULL, '30.00226250', '31.42695310', '', '2026-04-04 16:46:21', '2026-04-04 16:54:26', 'قسم أول القاهرة الجديدة', 'القاهرة'),
('324', '1015', 'مدام مني المقطم', '01030934124, 01095573684', '286M+GW9، شارع 9، الأباجية، المقطم، محافظة القاهرة‬ 4414610، مصر', 'مساكن الزلزال بعد السوق اول ملف شمال خلف كبابجي هلا', '30.01123000', '31.33486600', '', '2026-04-04 16:47:12', '2026-04-12 12:49:15', 'المقطم', 'القاهرة'),
('325', '3862', 'محمد عبد الرؤوف فخري', '01129168466, 01117078818', '٤ برج العلياء دكتور لاشين المريوطيه، شارع الملك فيصل، عطاطي، الهرم، محافظة الجيزة 3553101، مصر', NULL, '29.99673800', '31.14638100', '', '2026-04-04 16:48:36', '2026-04-04 16:54:47', 'الهرم', 'الجيزة'),
('326', '5586', 'غاده عبد السيد', '01096130379, 01115171935', '35FH+QHR، مرسي، بشتيل، قسم الوراق، محافظة الجيزة، مصر', NULL, '30.07419200', '31.17883500', '', '2026-04-04 16:57:26', '2026-04-04 16:57:26', 'قسم الوراق', 'القاهرة'),
('327', '5107', 'ام مالك عبدالله ابوشويل ', '01096159715, 01501844903', 'V64X+3HC، ميت رهينة، مركز البدرشين، محافظة الجيزة 3366160، مصر', 'ميت رهينه مركز البدرشين جيزه', '29.85510600', '31.24867600', '', '2026-04-06 08:41:52', '2026-04-06 08:41:52', 'مركز البدرشين', 'الجيزة'),
('328', '1814', 'أسماء محمود العمرانيه', '01023171160, 01152220090', 'شارع إبراهيم حمادة، العمرانية الغربية، قسم العمرانية، محافظة الجيزة 3543201، مصر', 'الزهراء عدوي سليم عمرانية غربيه عمارة كشري وكريب السلطان', '29.99092700', '31.20206500', '', '2026-04-06 08:42:33', '2026-04-10 01:01:44', 'قسم العمرانية', ''),
('329', '3339', 'بسمه علي حسن ', '01029174919', 'X63Q+2CF، طريق القاهرة اسوان البطئ، منيل شيحة، أبو النمرس، محافظة الجيزة 3398250، مصر', 'منيل شيحه جمب مسجد صبحي العفاني', '29.95287300', '31.23851600', '', '2026-04-06 08:43:11', '2026-04-06 08:43:11', 'أبو النمرس', 'الجيزة'),
('330', '971', 'دينا شعبان بكير ', '01158216102, 01096456842', 'H7FQ+R48، بجوار نادى المعلمين، مدينة الصف، الصف، محافظة الجيزة 3444105، مصر', 'الصف عند نادي المعلمين', '29.57443000', '31.28783400', '', '2026-04-06 08:43:51', '2026-04-06 08:43:51', 'الصف', 'الجيزة'),
('331', '10', 'باسم احمد على', 'باسم احمد على', 'كفر الزيات', 'كفر الزيات قرية الدهريه', '30.82846180', '30.81376970', '', '2026-04-07 11:23:37', '2026-04-07 11:23:37', '', ''),
('333', '4269', 'شيماء رزق اكتوبر', '01018786651', 'واحة اكتوبر،، حدائق أكتوبر، محافظة الجيزة 3252103، مصر', 'زهراء اكنوبر 800 فدان', '29.88296200', '30.90341700', '', '2026-04-07 11:32:09', '2026-04-12 09:51:11', 'حدائق أكتوبر', 'الجيزة'),
('334', '3838', 'ام ياسين العبور', '01067159319', '6G9Q+RM، جمعية احمد عرابى، العبور، محافظة القليوبية 6363135، مصر', 'العبور الحي التاسع ش مصطفي القشاش', '30.21958000', '31.53844300', '', '2026-04-07 12:00:56', '2026-04-07 12:00:56', 'العبور', 'القليوبية'),
('335', '5943', 'ساره سعيد شبرا الخيمه', '01129485522, 01556225503', '53 عبد الله شحاتة، بهتيم، قسم ثان شبرا الخيمة، محافظة القليوبية 6222112، مصر', 'شبرا الخيمه شارع صلاح سالم المنشية الجديدة', '30.12536500', '31.27168200', '', '2026-04-07 12:11:34', '2026-04-07 12:11:34', 'قسم ثان شبرا الخيمة', 'القليوبية'),
('336', '5006', 'داليا علي حسن شبرا الخيمة', '01147457306, 01147242228', '5 عمر بن الخطاب، منطي، قسم أول شبرا الخيمة، محافظة القليوبية 6312314، مصر', 'شبرا الخيمة 6 ش عمر بن الخطاب متفرع من ش عبده', '30.14395200', '31.24780600', '', '2026-04-07 13:32:28', '2026-04-07 13:32:28', 'قسم أول شبرا الخيمة', 'القليوبية'),
('337', '5009', 'ام يوسف امبابه بشتيل', '01119218462', 'المناشي - بشتيل، بشتيل، قسم الوراق،، 35RH+5R6، المناشي - بشتيل، بشتيل، مركز أوسيم، محافظة الجيزة 3821414، مصر', 'امبابه بشتيل لعبه', '30.09039000', '31.17934900', '', '2026-04-07 13:48:36', '2026-04-07 13:48:36', 'مركز أوسيم', 'الجيزة'),
('338', '3492', 'محمد السيد قليوب القناطر الخيرية', '01016170378, 01159518302', 'ا5652+27F، مدينة قليوب، القناطر الخيرية، محافظة القليوبية 6411122', 'القليوبية طريق القناطر الخيرية ابو الغيط عزبة الشيمي خلف مصنع شعبان المونيا', '30.15762150', '31.19984970', '', '2026-04-07 14:12:52', '2026-04-07 14:13:29', 'القناطر الخيرية', 'القليوبية'),
('339', '1042', 'ايه محمود شبرا الخيمه', '01281803241, 01285157704', '31 حارة السلام، منطي، قسم أول شبرا الخيمة، محافظة القليوبية 6215571، مصر', 'شبرا الخيمه نادي بيجام ش المشتل متفرع من الخليفه المامون', '30.14066400', '31.24695200', '', '2026-04-07 14:17:01', '2026-04-07 14:17:01', 'قسم أول شبرا الخيمة', 'القليوبية'),
('340', '5012', 'مدام سلمي حدايق اكتوبر', '01116129725, 01116129025', 'W2G8+5XR، قسم أول 6 أكتوبر، قسم ثالث 6 أكتوبر، محافظة الجيزة 3264451، مصر', 'حدائق اكتوبر ابني بيتك الخامسه حرف ك قريب من سنتر 4 منزل رقم 423 امام مسجد النور تحت الانشاء\\', '29.92509600', '31.01757000', '', '2026-04-07 14:42:18', '2026-04-07 14:42:18', 'قسم ثالث 6 أكتوبر', 'الجيزة'),
('341', '5015', 'ايريني سامي _الزيتون', '01226623854', 'حدايق الزيتون بازار فيلومينا شارع النواوي من شارع ترعه الجبل', 'حدايق الزيتون بازار فيلومينا شارع النواوي من شارع ترعه الجبل', '30.10278160', '31.30144940', '', '2026-04-07 14:58:41', '2026-04-07 14:59:30', 'محافظة القاهرة‬', 'القاهرة'),
('342', '1275', 'ام محمود  البدرشين', '01156244196', 'مدينة البدراشين، مركز البدرشين،، R7WJ+67J، مدينة البدراشين، مركز البدرشين، محافظة الجيزة 3394113، مصر', 'البدرشين ش النيل السعيد بجوار فرع فودافون', '29.84575800', '31.28064200', '', '2026-04-10 00:57:27', '2026-04-10 00:57:27', 'مركز البدرشين', 'الجيزة'),
('343', '5471', 'داليا حسن _التجمع التالت', '01020615649', 'XCG9+62Q، قسم ثالث القاهره الجديده، محافظة القاهرة‬ 4713102، مصر', 'التجمع التالت مسلسل 6 عماره 45', '29.97544400', '31.41780500', '', '2026-04-10 01:04:33', '2026-04-10 01:04:33', 'قسم ثالث القاهره الجديده', 'القاهرة'),
('344', '3409', 'هدى متولى الصف', '01113374090, 01127575741', 'H76M+X59، مدينة الصف، الصف، محافظة الجيزة 3435502، مصر', 'الصف البلد بجوار البوسطة نصف البلد التابعة للجيزة', '29.56306100', '31.28311100', '', '2026-04-10 01:06:50', '2026-04-10 01:06:50', 'الصف', 'الجيزة'),
('345', '5550', 'ليلي محروس ابراهيم التجمع التالت', '01023674391, 01067554301', '13 محور جمال عبد الناصر، قسم ثالث القاهره الجديده، محافظة القاهرة‬ 4713511، مصر', 'التجمع الثالث المحليه الثالثه المنطقه 4 عماره 22 بجوار سنابل', '29.98078200', '31.43892700', '', '2026-04-10 01:09:26', '2026-04-10 01:09:26', 'قسم ثالث القاهره الجديده', ''),
('346', '5510', 'هاجر عبد اللطيف المنيب', '01141381978', 'X6J4+PM4، أولاد لاشين، ترسا، قسم الجيزة، محافظة الجيزة 3720610، مصر', 'شارع اولاد لاشين طريق جسر الكنيسه المنيب', '29.98165000', '31.20648000', '', '2026-04-10 01:12:23', '2026-04-10 01:12:23', 'قسم الجيزة', 'الجيزة'),
('347', '5352', 'سعاد هاني القناطر الخيريه', '01153352153, 01128288816', '55GC+WQ5، الخرقانية، القناطر الخيرية، محافظة القليوبية 6403881، مصر', '', '30.17710100', '31.17172400', '', '2026-04-10 01:14:17', '2026-04-10 01:14:17', 'القناطر الخيرية', 'القليوبية'),
('348', '3871', 'سهام صلاح احمد الحوامدية', '01127767054', 'W74F+2CC، شلبي، مدينة الحوامدية، الحوامدية، محافظة الجيزة 12916، مصر', 'الحوامدية العزبة الشرقية شارع السوق القديم', '29.90526500', '31.27323200', '', '2026-04-10 01:17:47', '2026-04-10 01:17:47', 'الحوامدية', 'الجيزة'),
('349', '5773', 'اميره احمد بركة السبع', '01008850156', 'J3JM+FMJ، مدينة بركة السبع، مركز بركة السبع، محافظة المنوفية، مصر', 'بركة السبع الصرف الصحي سوق الخميس', '30.63120900', '31.08408800', '', '2026-04-11 14:21:43', '2026-04-11 14:21:43', 'مركز بركة السبع', 'المنوفية'),
('350', '2670', 'ساره صلاح - بركه السبع', '01003870747, 01005245727', '18 عبد المنعم رياض، مدينة بركة السبع، مركز بركة السبع، محافظة المنوفية 6160632، مصر', 'بركة السبع قبل موقف شبين', '30.63275000', '31.08096500', '', '2026-04-11 14:27:26', '2026-04-11 14:27:26', 'مركز بركة السبع', 'المنوفية'),
('351', '5431', 'اسراء مجدى بركة السبع', '01022840424', 'هو ين مركز، هورين، مركز بركة السبع، محافظة المنوفية 6163224، مصر', 'بركة السبع البتانونى هورين التررعة بجوار مسجد نور الاسلام', '30.65126200', '31.12814200', '', '2026-04-11 14:31:07', '2026-04-11 14:32:20', 'مركز بركة السبع', 'المنوفية'),
('352', '5970', 'سيد ابو سيف الخانكه', '01119970384, 01126930251', '684X+MVV، محمد سالم، مدينة الخانكة، مركز الخانكة، محافظة القليوبية 6343543، مصر', 'الخانكه عرب العيديد', '30.20713100', '31.34971300', '', '2026-04-11 16:28:07', '2026-04-11 16:28:07', 'مركز الخانكة', 'القليوبية'),
('353', '5969', 'ندي محمد عثمان فيصل', '01004427702, 01147243571', 'X4VJ+WH6، شارع الحرمين، كفر نصار، الهرم، محافظة الجيزة 3550253، مصر', '٢ شارع الحرمين اخر فيصل الشارع ال بعد قاعه لامور و ال vip عند سوبر ماركت الشعراوي', '29.99485700', '31.13129800', '', '2026-04-11 16:33:02', '2026-04-11 16:33:02', 'الهرم', 'الجيزة'),
('354', '5963', 'محمود فتحي كرداسه', '01070573842', '24W6+666، 24W8+P74، طريق ناهيا/ابو رواش، كرداسة، كرداسه، محافظة الجيزة 3643810، مصر', 'اخر طريق عشماوي ناهيا ابو رواش كرداسه', '30.04691100', '31.11534700', '', '2026-04-11 16:39:49', '2026-04-11 16:39:49', 'كرداسه', 'الجيزة'),
('355', '4147', 'ايمان عبدالعال  حدايق الاهرام', '01111389021', '389 ل شارع اللواء عبد المجيد احمد علام، الظهير الصحراوى لمحافظة الجيزة،، شارع اللواء عبد المجيد احمد علام، الجيزة،، الهرم، محافظة الجيزة 3510202، مصر', '389 البوابه الرابعه جدائق الاهرام', '29.96017600', '31.09047900', '', '2026-04-11 16:50:57', '2026-04-11 16:50:57', 'الهرم', 'الجيزة'),
('356', '3750', 'سوبر ماركت الحبشي الشيخ زايد', '01092627282', '2XV8+H32، ثاني الشيخ زايد، محافظة الجيزة 3241232، مصر', 'الشيخ زايد ح11 م4 خلف المدرسة اليبانيه', '30.04396500', '30.96510200', '', '2026-04-12 09:58:10', '2026-04-12 09:58:10', 'ثاني الشيخ زايد', 'الجيزة'),
('357', '5971', 'احمد جمعه فيصل', '01124539052, 01100957124', '١٨ مدكور، العمرانية الغربية، قسم العمرانية، محافظة الجيزة 3546211، مصر', 'مدكور بين فيصل والهرم علي ناصيته من فيصل كرم الشام', '30.00538900', '31.18566800', '', '2026-04-12 10:06:28', '2026-04-12 10:06:28', 'قسم العمرانية', 'الجيزة'),
('358', '3634', 'اميمه ابو بكر قويسنا ', '01068867980, 01005335537', 'H43P+29F، مدينة قويسنا، مركز قويسنا، محافظة المنوفية 6143573، مصر', 'عند جامع الرضوان شارع السوق فوق كازيون', '30.55252200', '31.13584400', '', '2026-04-12 10:13:34', '2026-04-12 10:13:34', 'مركز قويسنا', 'المنوفية'),
('359', '2633', 'محل الفرسان للعطاره قويسنا', '01559700670', 'G4VM+WQX, Abd El Hamid Shalaby St, مدينة قويسنا، مركز قويسنا، محافظة المنوفية 6142836، مصر', 'شارع سعد غلول امام صيدلية عادل الفلاح', '30.54472200', '31.13450300', '', '2026-04-12 10:16:02', '2026-04-12 10:16:02', 'مركز قويسنا', 'المنوفية'),
('360', '4237', 'منال محمد قويسنا', '01014172696, 01007633341', 'G4VH+XC5، مدينة قويسنا، مركز قويسنا، محافظة المنوفية 6142785، مصر', 'قويسنا ش الجلاء عند مدرسة فاطمة الزهراء', '30.54463700', '31.12766000', '', '2026-04-12 10:18:10', '2026-04-12 10:18:10', 'مركز قويسنا', 'المنوفية'),
('361', '5461', 'مصطفى محمود - المرج الغربيه ', '01159019713, 0103240985', 'شارع مسجد العامر، المرج البحرية، المرج، محافظة القاهرة‬ 4612053، مصر', 'شارع الجامع امام كوبري محمد نجيب', '30.15901900', '31.33561200', '', '2026-04-12 10:21:42', '2026-04-12 10:21:42', 'المرج', 'القليوبية'),
('362', '5057', 'احمد السلكاوي  قويسنا', '01007851571', 'F4QG+W2F، شبرا قبالة وخلوة نور الدين، مركز قويسنا، محافظة المنوفية 6140750، مصر', 'قويسنا قرية شبرا قبالة امام البريد علي اول الشارع صيدلية د/دعاء', '30.48995200', '31.12521900', '', '2026-04-12 10:23:33', '2026-04-12 10:23:33', 'مركز قويسنا', 'المنوفية'),
('363', '5641', 'دعاء صلاح_مؤسسة الزكاه', '01110485218', 'شارع مؤسسة الزكاة، بركة الحاج، المرج، محافظة القاهرة‬ 4630640، مصر', 'مؤسسه الذكاه بركه الحاج', '30.14820800', '31.36593000', '', '2026-04-12 10:31:43', '2026-04-12 10:31:43', 'المرج', 'القليوبية'),
('364', '5533', 'عمرو محل تبارك للمجمدات  شبين الكوم ', '01060297785', 'G225+MPP، كفر شنوان، شبين الكوم، محافظة المنوفية 6121181، مصر', 'شبين الكوم قرية شنوان بحري مكان صيدلية الدكتور ندا القديمه', '30.50170100', '31.00927600', '', '2026-04-12 10:33:34', '2026-04-12 10:33:34', 'شبين الكوم', 'المنوفية'),
('365', '4888', 'حنان يوسف منوف', '01271372178', 'FW7M+8WC, Abou Khareza, مدينة منوف، منوف، محافظة المنوفية 6053030، مصر', 'منوف الشارع الجديد ش المفاتيح بجوار مسجد ابو خريزة فوق جلال', '30.46326800', '30.93471000', '', '2026-04-12 11:07:48', '2026-04-12 11:07:48', 'منوف', 'المنوفية'),
('366', '4508', 'ابتسام المزار شبين الكوم', '01090821377', 'J243+RP شبين الكوم، مصر', 'الكوم الاخضر مركز شبين الكوم', '30.60705200', '31.00425900', '', '2026-04-12 11:10:29', '2026-04-12 11:10:29', 'شبين الكوم', 'المنوفية'),
('367', '3638', 'رحاب حلمي شبين الكوم البر الشرقي', '01096596279, 01507235767', 'محافظة المنوفية_ شارع السجن -خلف عمارات الكهرباء -وأمام عبد الرازق للأخشاب، قسم شبين الكوم،، شبين الكوم،، المنوفية،، H239+8P2، مركز شبين الكوم، محافظة المنوفية 6132354، مصر', 'منوفيه شارع مكي المتفرع من شارع محمود شاهين الشهير بشارع السجن من عند بنزيمة الباجوري شارع السجن رابع شارع', '30.55376800', '31.01907600', '', '2026-04-12 11:13:13', '2026-04-12 11:13:13', 'مركز شبين الكوم', 'المنوفية');

INSERT INTO `customers` (`id`, `customer_number`, `name`, `phone`, `address`, `fixed_address`, `latitude`, `longitude`, `notes`, `created_at`, `updated_at`, `town`, `governorate`) VALUES
('368', '2428', 'محل ادم سرس الليان', '\\01229684311, 01140786856\\', 'CXQ9+3MJ، الحاج محمود داوود، مدينة سرس الليانة، منوف، محافظة المنوفية 6061004، مصر', '', '30.43782800', '30.96900100', '', '2026-04-12 11:18:52', '2026-04-12 11:18:52', 'منوف', 'المنوفية'),
('369', '3580', 'نسمه محمد حيدر الباجور المنوفيه', '01005897462', 'C2HQ+9J4، شارع أبو صباحة، مدينة الباجور، الباجور، محافظة المنوفية 6075512، مصر', 'شارع المعهد الديني بجوار مدرسة الصفوة محل موتزريلا ونوتيلا', '30.42828800', '31.03940300', '', '2026-04-12 11:21:30', '2026-04-12 11:21:30', 'الباجور', 'المنوفية'),
('370', '2332', 'مدام اميره محل لقمه هنيه الباجور', '01101037092, 01094095520', '93QC+WRC، بهناي ومنشأتها، الباجور، محافظة المنوفية 6072540، مصر', 'الباجور المنوفيه', '30.38976900', '31.07204100', '', '2026-04-12 11:24:40', '2026-04-12 11:24:40', 'الباجور', 'المنوفية'),
('371', '4825', 'وائل عبد الصمد اشمون', '01277393302', '9V6F+M5W، طهواي، مركز أشمون، محافظة المنوفية 6027105، مصر', 'مركز اشمون قرية طهواي', '30.36176300', '30.87356600', '', '2026-04-12 11:28:03', '2026-04-12 11:28:03', 'مركز أشمون', 'المنوفية'),
('372', '4934', 'كريم ممدوح شبرا الخيمه', '01152205114', '54 ناصر، بيجام، قسم أول شبرا الخيمة، محافظة القليوبية، مصر', 'شبرا الخيمه امتداد ش ناصر سوق الحسين بيجام علي ناصية الشارع مصوغات ام نور', '30.13223500', '31.24358200', '', '2026-04-12 11:30:17', '2026-04-12 11:30:17', 'قسم أول شبرا الخيمة', 'القليوبية'),
('373', '5972', 'مدام الفت محروس شبرا الخيمة ', '01121977585', '2، بهتيم، ثان شبرا الخيمة،، بهتيم، قسم ثان شبرا الخيمة، محافظة القليوبية 6224442، مصر', 'شبرا الخيمه محطة المرجوشي ش الحنفيه عند مسجد الغنام', '30.14730900', '31.27735100', '', '2026-04-12 11:32:31', '2026-04-12 11:32:31', 'قسم ثان شبرا الخيمة', 'القليوبية'),
('374', '5962', 'فاطمة جمال بهتيم', '01102476970', '47W9+5WC، بهتيم، قسم ثان شبرا الخيمة، محافظة القليوبية 6224131، مصر', 'بهتيم 1 ش الصفا والمروة متفرع من ش مزرعه البط', '30.14562100', '31.27025700', '', '2026-04-12 11:35:44', '2026-04-12 11:35:44', 'قسم ثان شبرا الخيمة', 'القليوبية'),
('375', '5210', 'صبحي السيد ابراهيم الخصوص', '01150406515', 'الخصوص، مركز الخانكة،، الخصوص، قسم الخصوص، محافظة القليوبية 6231222، مصر', 'الخصوص ش محمد موسي بجوار جراج محمد رمضان', '30.15907100', '31.31708600', '', '2026-04-12 11:37:43', '2026-04-12 11:37:43', 'قسم الخصوص', 'القليوبية'),
('376', '3366', 'ام اياد القناطر الخيرية', '01272379353, 01553544429', '54WV+36P، مدينة القناطر الخيرية، القناطر الخيرية، محافظة القليوبية 6405250، مصر', 'القناطر الخيرية نزلة المعهد الديني المدخل التاني بعد مصنع الورق', '30.19512100', '31.14282200', '', '2026-04-12 12:52:32', '2026-04-12 12:52:32', 'القناطر الخيرية', 'القليوبية'),
('377', '2451', 'ايه محمد الهرم', '01145972590', 'X5MQ+HF3، سيد غنيم، الكنيسة، الطالبية، محافظة الجيزة 3532854، مصر', 'طالبية هرم اخر عثمان محرم الكونيسة شارع سيد غنيم عند مقلة قمر الليالى', '29.98393000', '31.18888400', '', '2026-04-12 13:02:23', '2026-04-12 13:02:23', 'الطالبية', 'الجيزة'),
('378', '3662', 'علاء الدين  احمد جسر السويس', '01067610491', '49J7+R92، كمال حجاب، الخصوص، قسم أول السلام، محافظة القاهرة‬ 4640302، مصر', 'جسر السويس 24 ش كمال حجاب امام  وهدان بتاع الرخام جسر السويس خلف حديقة بدر', '30.13201900', '31.36337200', '', '2026-04-14 11:53:20', '2026-04-14 11:53:20', 'قسم أول السلام', 'القاهرة'),
('379', '3685', 'مروه محمد ناجي طحا نوب القليوبيه', '01063207645', '77JQ+GP8، طحا نوب، شبين القناطر، محافظة القليوبية 6330370، مصر', 'طحا نوب القليوبيه طريق الكوم الاحمر بجوار مسجد الاخلاص', '30.28145000', '31.28948800', '', '2026-04-14 12:01:30', '2026-04-14 12:01:30', 'شبين القناطر', 'القليوبية'),
('380', '1579', 'عادل فتحي - جسر السويس', '01276636073, 0101585419', '1 رقم 123، الخصوص، قسم أول السلام، محافظة القاهرة‬ 4640353، مصر', 'جسر السويس ش العشرين', '30.13517700', '31.36658300', '', '2026-04-14 12:03:21', '2026-04-14 12:03:21', 'قسم أول السلام', 'القاهرة'),
('381', '4881', 'محمد حبيب شبين القناطر', '010085932710', 'شارع الشيخ سعيد _ شارع وابور الحليج، مدينة شبين القناطر، شبين القناطر، محافظة القليوبية 6335243، مصر', 'شبين القناطر محل تحابيش وناناه', '30.31075900', '31.31977100', '', '2026-04-14 12:05:00', '2026-04-14 12:05:00', 'شبين القناطر', 'القليوبية'),
('382', '5973', 'جابر الشعراوي  البحيره', '01115153704', 'W56F+GXR، أبو المطامير، محافظة البحيرة 5814514، مصر', 'ابوالمطامير عصائر الشعراوي', '30.91129900', '30.17486700', '', '2026-04-14 12:07:19', '2026-04-14 12:07:19', 'أبو المطامير', 'البحيرة'),
('383', '263', 'عتاب عبدالله  ابو المطامير', '01050111734', 'W55H+MH9، أبو المطامير، محافظة البحيرة 5814526، مصر', '', '30.90917000', '30.17967500', '', '2026-04-14 12:09:03', '2026-04-14 12:09:03', 'أبو المطامير', 'البحيرة'),
('384', '187', 'حازم  الرومي دمنهور', '01028353535', '2FVC+W3J، طاموس، قسم دمنهور، محافظة البحيرة 5845013، مصر', 'ش الجيش امام الهلال الاحمر الجديد محل باب الريان', '31.04496700', '30.47002600', '', '2026-04-14 12:10:58', '2026-04-14 12:10:58', 'قسم دمنهور', 'البحيرة'),
('385', '1982', 'الدكتورة مى  محمد بنها', '01000856265', 'G7J3+5CQ، مدينة كفر شكر، مركز كفر شكر، محافظة القليوبية 6493903، مصر', 'اسنيت البر الشرقي مركز كفر شكر بنها قليوبيه', '30.53076100', '31.25369600', '', '2026-04-14 12:12:42', '2026-04-14 12:12:42', 'مركز كفر شكر', 'القليوبية'),
('386', '2833', 'فاطمه عامر ايتاي البارود البحيره', '01061431474', 'VMM9+HCX، إتياي البارود، مركز إيتاى البارود، محافظة البحيرة 5774346، مصر', 'خلف حديقه الطفل بجوار بيتزا حكايه', '30.88402700', '30.66873500', '', '2026-04-14 12:14:50', '2026-04-14 12:14:50', 'مركز إيتاى البارود', 'البحيرة'),
('387', '5258', 'رشا مغربي كفر الزيات', '01096976776', '29 الجيش، مدينة كفر الزيات، مركز كفر الزيات، محافظة الغربية 6615132، مصر', 'كفر الزيات محل كاندي لاند شارع استديو اوسكار', '30.82551200', '30.81404900', '', '2026-04-14 12:17:50', '2026-04-14 12:17:50', 'مركز كفر الزيات', 'الغربية'),
('388', '3744', 'ايمان السعيد كوم حماده البحيره', '01277819934, 01021464659', 'QM5V+GQP، شارع المصنع، Kherebta, مركز كوم حمادة، محافظة البحيرة 5757119، مصر', 'عزبة الجيار الطود  كوم حماده البحيره', '30.75866300', '30.69457900', '', '2026-04-14 12:20:05', '2026-04-14 12:20:05', 'مركز كوم حمادة', 'البحيرة');

-- ---------------------------------------------------
-- Table: drivers
-- ---------------------------------------------------
DROP TABLE IF EXISTS `drivers`;
CREATE TABLE `drivers` (
  `id` int(11) NOT NULL AUTO_INCREMENT,
  `name` varchar(255) NOT NULL,
  `phone` varchar(20) DEFAULT NULL,
  `car_number` varchar(50) DEFAULT NULL,
  `car_type` varchar(100) DEFAULT NULL,
  `capacity` int(11) DEFAULT 10 COMMENT 'Number of orders driver can handle per day',
  `is_active` tinyint(1) DEFAULT 1,
  `created_at` timestamp NULL DEFAULT current_timestamp(),
  `updated_at` timestamp NULL DEFAULT current_timestamp() ON UPDATE current_timestamp(),
  `color` varchar(20) DEFAULT '#e6194b',
  `governorate` varchar(255) DEFAULT NULL,
  PRIMARY KEY (`id`)
) ENGINE=InnoDB DEFAULT CHARSET=utf8mb4 COLLATE=utf8mb4_unicode_ci;

INSERT INTO `drivers` (`id`, `name`, `phone`, `car_number`, `car_type`, `capacity`, `is_active`, `created_at`, `updated_at`, `color`, `governorate`) VALUES
('14', 'ممدوح', '', NULL, NULL, '10', '1', '2026-04-04 15:39:26', '2026-04-04 15:39:26', '#e6194b', NULL),
('15', 'محمد حسن', '', NULL, NULL, '10', '1', '2026-04-04 15:39:36', '2026-04-04 15:39:36', '#e6194b', NULL),
('16', 'محمد عيسي', '', NULL, NULL, '10', '1', '2026-04-04 15:39:43', '2026-04-04 15:39:43', '#e6194b', NULL),
('17', 'محسن', '', NULL, NULL, '10', '1', '2026-04-04 15:39:53', '2026-04-04 15:39:53', '#e6194b', NULL),
('18', 'عبد العزيز داوود', '', NULL, NULL, '10', '1', '2026-04-04 15:40:03', '2026-04-04 15:40:03', '#e6194b', NULL),
('19', 'علي قطور', '', NULL, NULL, '10', '1', '2026-04-04 15:40:11', '2026-04-04 15:40:11', '#e6194b', NULL),
('20', 'محمود ابشيشي', '', NULL, NULL, '10', '1', '2026-04-04 15:40:30', '2026-04-04 15:40:30', '#e6194b', NULL),
('21', 'فريد شوقي', '', NULL, NULL, '10', '1', '2026-04-04 15:40:40', '2026-04-04 15:40:40', '#e6194b', NULL);

-- ---------------------------------------------------
-- Table: cars
-- ---------------------------------------------------
DROP TABLE IF EXISTS `cars`;
CREATE TABLE `cars` (
  `id` int(11) NOT NULL AUTO_INCREMENT,
  `name` varchar(255) NOT NULL,
  `plate_number` varchar(50) DEFAULT NULL,
  `car_type` varchar(100) DEFAULT NULL,
  `color` varchar(20) DEFAULT '#e6194b',
  `is_active` tinyint(1) DEFAULT 1,
  `created_at` timestamp NULL DEFAULT current_timestamp(),
  `updated_at` timestamp NULL DEFAULT current_timestamp() ON UPDATE current_timestamp(),
  PRIMARY KEY (`id`)
) ENGINE=InnoDB DEFAULT CHARSET=utf8mb4 COLLATE=utf8mb4_general_ci;

INSERT INTO `cars` (`id`, `name`, `plate_number`, `car_type`, `color`, `is_active`, `created_at`, `updated_at`) VALUES
('14', '2006', '', '', '#09439f', '1', '2026-04-04 15:33:49', '2026-04-04 15:57:12'),
('15', '2010', '', '', '#e6194b', '1', '2026-04-04 15:34:21', '2026-04-04 15:34:21'),
('16', '2013', '', '', '#3cb44b', '1', '2026-04-04 15:34:28', '2026-04-04 15:34:28'),
('17', '2014', '', '', '#ffe119', '1', '2026-04-04 15:34:41', '2026-04-04 15:34:41'),
('18', '2015', '', '', '#4363d8', '1', '2026-04-04 15:34:50', '2026-04-04 15:34:50'),
('19', '2016', '', '', '#f58231', '1', '2026-04-04 15:35:02', '2026-04-04 15:35:02'),
('20', '2020', '', '', '#911eb4', '1', '2026-04-04 15:35:16', '2026-04-04 15:35:16'),
('21', '2021', '', '', '#46f0f0', '1', '2026-04-04 15:35:23', '2026-04-04 15:35:23'),
('22', '2023', '', '', '#800000', '1', '2026-04-04 15:35:29', '2026-04-04 15:35:29'),
('23', 'جامبو', '', '', '#000075', '1', '2026-04-04 15:35:49', '2026-04-04 15:35:49'),
('24', 'تلت', '', '', '#f59a8a', '1', '2026-04-04 15:36:19', '2026-04-04 15:36:19');

-- ---------------------------------------------------
-- Table: daily_orders
-- ---------------------------------------------------
DROP TABLE IF EXISTS `daily_orders`;
CREATE TABLE `daily_orders` (
  `id` int(11) NOT NULL AUTO_INCREMENT,
  `order_date` date NOT NULL,
  `customer_id` int(11) NOT NULL,
  `driver_id` int(11) DEFAULT NULL,
  `car_id` int(11) DEFAULT NULL,
  `status` enum('pending','assigned','delivered') DEFAULT 'pending',
  `notes` text DEFAULT NULL,
  `created_at` timestamp NULL DEFAULT current_timestamp(),
  `updated_at` timestamp NULL DEFAULT current_timestamp() ON UPDATE current_timestamp(),
  PRIMARY KEY (`id`),
  KEY `customer_id` (`customer_id`),
  KEY `idx_date` (`order_date`),
  KEY `idx_driver` (`driver_id`),
  KEY `idx_car_id` (`car_id`),
  CONSTRAINT `daily_orders_ibfk_1` FOREIGN KEY (`customer_id`) REFERENCES `customers` (`id`) ON DELETE CASCADE,
  CONSTRAINT `daily_orders_ibfk_2` FOREIGN KEY (`driver_id`) REFERENCES `drivers` (`id`) ON DELETE SET NULL
) ENGINE=InnoDB DEFAULT CHARSET=utf8mb4 COLLATE=utf8mb4_unicode_ci;

INSERT INTO `daily_orders` (`id`, `order_date`, `customer_id`, `driver_id`, `car_id`, `status`, `notes`, `created_at`, `updated_at`) VALUES
('886', '2026-04-04', '324', '18', '14', 'assigned', NULL, '2026-04-04 17:19:40', '2026-04-04 17:47:49'),
('887', '2026-04-04', '323', '18', '14', 'assigned', NULL, '2026-04-04 17:19:40', '2026-04-04 17:47:49'),
('888', '2026-04-04', '319', '18', '14', 'assigned', NULL, '2026-04-04 17:19:40', '2026-04-04 17:47:49'),
('889', '2026-04-04', '304', '18', '14', 'assigned', NULL, '2026-04-04 17:19:40', '2026-04-04 17:47:49'),
('890', '2026-04-04', '321', '18', '14', 'assigned', NULL, '2026-04-04 17:19:40', '2026-04-04 17:47:49'),
('891', '2026-04-04', '320', '18', '14', 'assigned', NULL, '2026-04-04 17:19:40', '2026-04-04 17:47:49'),
('892', '2026-04-04', '325', '18', '14', 'assigned', NULL, '2026-04-04 17:19:40', '2026-04-04 17:47:49'),
('893', '2026-04-04', '305', '18', '14', 'assigned', NULL, '2026-04-04 17:19:40', '2026-04-04 17:47:49'),
('894', '2026-04-04', '322', '18', '14', 'assigned', NULL, '2026-04-04 17:19:40', '2026-04-04 17:47:49'),
('895', '2026-04-04', '326', '18', '14', 'assigned', NULL, '2026-04-04 17:19:40', '2026-04-04 17:47:49'),
('896', '2026-04-06', '330', '21', '16', 'assigned', NULL, '2026-04-06 08:57:57', '2026-04-06 08:59:09'),
('897', '2026-04-06', '324', '18', '14', 'assigned', NULL, '2026-04-06 08:57:57', '2026-04-06 08:59:09'),
('898', '2026-04-06', '323', '17', '17', 'assigned', NULL, '2026-04-06 08:57:57', '2026-04-06 08:59:09'),
('899', '2026-04-06', '319', '18', '15', 'assigned', NULL, '2026-04-06 08:57:57', '2026-04-06 08:59:39'),
('900', '2026-04-06', '328', '18', '14', 'assigned', NULL, '2026-04-06 08:57:57', '2026-04-06 08:59:09'),
('901', '2026-04-06', '304', '20', '18', 'assigned', NULL, '2026-04-06 08:57:57', '2026-04-06 08:59:09'),
('902', '2026-04-06', '321', '18', '15', 'assigned', NULL, '2026-04-06 08:57:57', '2026-04-06 08:59:39'),
('903', '2026-04-06', '329', '14', '19', 'assigned', NULL, '2026-04-06 08:57:57', '2026-04-06 08:59:09'),
('904', '2026-04-06', '320', '18', '15', 'assigned', NULL, '2026-04-06 08:57:57', '2026-04-06 08:59:39'),
('905', '2026-04-06', '325', '18', '14', 'assigned', NULL, '2026-04-06 08:57:57', '2026-04-06 08:59:09'),
('906', '2026-04-06', '327', '16', '20', 'assigned', NULL, '2026-04-06 08:57:57', '2026-04-06 08:59:09'),
('907', '2026-04-06', '305', '18', '15', 'assigned', NULL, '2026-04-06 08:57:57', '2026-04-06 08:59:39'),
('908', '2026-04-06', '322', '18', '14', 'assigned', NULL, '2026-04-06 08:57:57', '2026-04-06 08:59:09'),
('909', '2026-04-06', '326', '18', '14', 'assigned', NULL, '2026-04-06 08:57:57', '2026-04-06 08:59:09');

SET FOREIGN_KEY_CHECKS = 1;
-- End of backup
